{"id":479,"date":"2022-04-10T00:39:15","date_gmt":"2022-04-10T00:39:15","guid":{"rendered":"http:\/\/511850832.swh.strato-hosting.eu\/wordpress_clone_1649443111\/?page_id=479"},"modified":"2024-12-07T21:29:31","modified_gmt":"2024-12-07T21:29:31","slug":"home-2","status":"publish","type":"page","link":"https:\/\/arotattoo.art\/","title":{"rendered":"Home"},"content":{"rendered":"\n<figure class=\"wp-block-image size-full is-style-default\"><img loading=\"lazy\" decoding=\"async\" width=\"500\" height=\"500\" src=\"https:\/\/arotattoo.art\/wp-content\/uploads\/2022\/04\/ginkoWeb.jpg\" alt=\"\" class=\"wp-image-647\" srcset=\"https:\/\/arotattoo.art\/wp-content\/uploads\/2022\/04\/ginkoWeb.jpg 500w, https:\/\/arotattoo.art\/wp-content\/uploads\/2022\/04\/ginkoWeb-300x300.jpg 300w, https:\/\/arotattoo.art\/wp-content\/uploads\/2022\/04\/ginkoWeb-150x150.jpg 150w\" sizes=\"(max-width: 500px) 100vw, 500px\" \/><\/figure>\n\n\n\n<div style=\"height:100px\" aria-hidden=\"true\" class=\"wp-block-spacer\"><\/div>\n\n\n\n<div class=\"wp-block-columns alignfull are-vertically-aligned-center is-layout-flex wp-container-core-columns-is-layout-1 wp-block-columns-is-layout-flex\">\n<div class=\"wp-block-column is-vertically-aligned-center is-layout-flow wp-block-column-is-layout-flow\" style=\"flex-basis:100%\">\n<hr class=\"wp-block-separator has-text-color has-black-color has-css-opacity has-black-background-color has-background is-style-wide\"\/>\n<\/div>\n<\/div>\n\n\n\n<div class=\"wp-block-columns is-layout-flex wp-container-core-columns-is-layout-2 wp-block-columns-is-layout-flex\">\n<div class=\"wp-block-column is-vertically-aligned-top is-layout-flow wp-block-column-is-layout-flow\">\n<figure class=\"wp-block-image size-full is-style-rounded\"><img loading=\"lazy\" decoding=\"async\" width=\"315\" height=\"315\" src=\"\/wp-content\/uploads\/2022\/09\/logohenna-e1662559715646.jpg\" alt=\"\" class=\"wp-image-1311\" style=\"aspect-ratio:1;object-fit:cover\"\/><figcaption class=\"wp-element-caption\"><a href=\"#T\u00e4towierungen\" data-type=\"internal\" data-id=\"#T\u00e4towierungen\">T e m p t a t t o o s<\/a><\/figcaption><\/figure>\n<\/div>\n\n\n\n<div class=\"wp-block-column is-layout-flow wp-block-column-is-layout-flow\">\n<figure class=\"wp-block-image size-full is-style-rounded\"><img loading=\"lazy\" decoding=\"async\" width=\"500\" height=\"500\" src=\"https:\/\/arotattoo.art\/wp-content\/uploads\/2022\/04\/mascaraantiguaWeb.jpg\" alt=\"\" class=\"wp-image-648\" style=\"aspect-ratio:1;object-fit:cover\" srcset=\"https:\/\/arotattoo.art\/wp-content\/uploads\/2022\/04\/mascaraantiguaWeb.jpg 500w, https:\/\/arotattoo.art\/wp-content\/uploads\/2022\/04\/mascaraantiguaWeb-300x300.jpg 300w, https:\/\/arotattoo.art\/wp-content\/uploads\/2022\/04\/mascaraantiguaWeb-150x150.jpg 150w\" sizes=\"(max-width: 500px) 100vw, 500px\" \/><figcaption class=\"wp-element-caption\"><a href=\"https:\/\/arotattoo.art\/?page_id=184\">A r t w o r k<\/a><\/figcaption><\/figure>\n<\/div>\n\n\n\n<div class=\"wp-block-column is-layout-flow wp-block-column-is-layout-flow\">\n<figure class=\"wp-block-image size-full is-style-rounded\"><img loading=\"lazy\" decoding=\"async\" width=\"394\" height=\"335\" src=\"https:\/\/arotattoo.art\/wp-content\/uploads\/2022\/04\/AishaProfil-klein.jpg\" alt=\"\" class=\"wp-image-464\" style=\"aspect-ratio:1;object-fit:cover\" srcset=\"https:\/\/arotattoo.art\/wp-content\/uploads\/2022\/04\/AishaProfil-klein.jpg 394w, https:\/\/arotattoo.art\/wp-content\/uploads\/2022\/04\/AishaProfil-klein-300x255.jpg 300w\" sizes=\"(max-width: 394px) 100vw, 394px\" \/><figcaption class=\"wp-element-caption\"><a href=\"https:\/\/arotattoo.art\/?page_id=8\">A b o u t<\/a><\/figcaption><\/figure>\n<\/div>\n<\/div>\n\n\n\n<div class=\"wp-block-group\"><div class=\"wp-block-group__inner-container is-layout-flow wp-block-group-is-layout-flow\">\n<div class=\"wp-block-cover\" style=\"min-height:918px;aspect-ratio:unset;\"><span aria-hidden=\"true\" class=\"wp-block-cover__background has-background-dim\"><\/span><img loading=\"lazy\" decoding=\"async\" width=\"667\" height=\"400\" class=\"wp-block-cover__image-background wp-image-227\" alt=\"\" src=\"\/wp-content\/uploads\/2022\/01\/cropped-cropped-Arotattooart-5.jpg\" data-object-fit=\"cover\" srcset=\"https:\/\/arotattoo.art\/wp-content\/uploads\/2022\/01\/cropped-cropped-Arotattooart-5.jpg 667w, https:\/\/arotattoo.art\/wp-content\/uploads\/2022\/01\/cropped-cropped-Arotattooart-5-300x180.jpg 300w\" sizes=\"(max-width: 667px) 100vw, 667px\" \/><div class=\"wp-block-cover__inner-container is-layout-flow wp-block-cover-is-layout-flow\">\n<p class=\"has-background\" style=\"background-color:#353535;font-size:17px\" align=\"justify\">\n\nWer das Besondere sucht, ist in meinem Atelier in Die\u00dfen genau richtig! Hier biete ich Kunstwerke, Design und <a style=\"color:#CFCFCF;\" href=\"\/?page_id=11\" target=\"_blank\" rel=\"noopener\">Temptattoos<\/a> (\u00e4hnlich Hennamalerei) an, also kunstvoll auf die Haut gemalte Ornamente. Diese sind im Gegensatz zu echten T\u00e4towierungen nur eine begrenzte Zeit haltbar &#8211; je nach K\u00f6rperstelle, Hauttyp, Beanspruchung und Pflege etwa 5 bis 14 Tage. Au\u00dferdem ist das Aufbringen eines <a style=\"color:#CFCFCF;\" href=\"\/?page_id=11\" target=\"_blank\" rel=\"noopener\">Temptattoos<\/a> vollkommen schmerzfrei. Wer gerne immer wieder unterschiedliche Motive als K\u00f6rperschmuck tragen m\u00f6chte oder sich noch nicht dauerhaft auf eine bestimmte T\u00e4towierung festgelegt hat, kann damit auch einmal das Gef\u00fchl einer \u201cechten T\u00e4towierung\u201d erleben.\n\n<a style=\"color:#CFCFCF;\" href=\"\/?page_id=11\" target=\"_blank\" rel=\"noopener\">Temptattoos<\/a> sind perfekt geeignet f\u00fcr besondere Anl\u00e4sse wie Hochzeiten (z.B. als Schmuck f\u00fcr die Braut oder ein gemeinsames Symbol f\u00fcr das Brautpaar), Urlaube, Geburtstage, Parties usw.\n\nEin Gutschein f\u00fcr ein TempTattoo ist auch eine ganz besondere Geschenkidee.\n\n<br><br>\nSchon lange besch\u00e4ftige ich mich intensiv mit (K\u00f6rper-)Kunst. Ich habe die Zeichen, Symbole, Schriften und Ornamente aus den verschiedensten Kulturen der Welt studiert und gesammelt und dabei viel \u00fcber deren Bedeutung gelernt. In meinen Kunstwerken, sei es auf der Haut oder auf meinen Bildern, verbinden sich all diese Elemente zu einem Gesamtkunstwerk. Diesen Erfahrungsschatz nutze ich gerne, um ganz individuelle Designs zu entwerfen.  <\/p>\n\n\n\n<div class=\"wp-block-columns is-layout-flex wp-container-core-columns-is-layout-3 wp-block-columns-is-layout-flex\">\n<div class=\"wp-block-column is-layout-flow wp-block-column-is-layout-flow\" style=\"flex-basis:33.34%\"><\/div>\n\n\n\n<div class=\"wp-block-column is-vertically-aligned-center is-layout-flow wp-block-column-is-layout-flow\" style=\"flex-basis:73%\">\n<figure class=\"wp-block-gallery alignfull has-nested-images columns-default is-cropped wp-block-gallery-1 is-layout-flex wp-block-gallery-is-layout-flex\">\n<figure class=\"wp-block-image size-full\"><img loading=\"lazy\" decoding=\"async\" width=\"819\" height=\"819\" src=\"\/wp-content\/uploads\/2022\/04\/Unbenanntes_Projekt-2.jpg\" alt=\"\" class=\"wp-image-656\" srcset=\"https:\/\/arotattoo.art\/wp-content\/uploads\/2022\/04\/Unbenanntes_Projekt-2.jpg 819w, https:\/\/arotattoo.art\/wp-content\/uploads\/2022\/04\/Unbenanntes_Projekt-2-300x300.jpg 300w, https:\/\/arotattoo.art\/wp-content\/uploads\/2022\/04\/Unbenanntes_Projekt-2-150x150.jpg 150w, https:\/\/arotattoo.art\/wp-content\/uploads\/2022\/04\/Unbenanntes_Projekt-2-768x768.jpg 768w\" sizes=\"(max-width: 819px) 100vw, 819px\" \/><\/figure>\n\n\n\n<figure class=\"wp-block-image size-large\"><img loading=\"lazy\" decoding=\"async\" width=\"819\" height=\"819\" src=\"\/wp-content\/uploads\/2022\/04\/Unbenanntes_Projekt-13.jpeg\" alt=\"\" class=\"wp-image-675\" srcset=\"https:\/\/arotattoo.art\/wp-content\/uploads\/2022\/04\/Unbenanntes_Projekt-13.jpeg 819w, https:\/\/arotattoo.art\/wp-content\/uploads\/2022\/04\/Unbenanntes_Projekt-13-300x300.jpeg 300w, https:\/\/arotattoo.art\/wp-content\/uploads\/2022\/04\/Unbenanntes_Projekt-13-150x150.jpeg 150w, https:\/\/arotattoo.art\/wp-content\/uploads\/2022\/04\/Unbenanntes_Projekt-13-768x768.jpeg 768w\" sizes=\"(max-width: 819px) 100vw, 819px\" \/><\/figure>\n\n\n\n<figure class=\"wp-block-image size-full\"><img loading=\"lazy\" decoding=\"async\" width=\"819\" height=\"819\" src=\"\/wp-content\/uploads\/2022\/04\/webseite-henna42.jpg\" alt=\"\" class=\"wp-image-326\" srcset=\"https:\/\/arotattoo.art\/wp-content\/uploads\/2022\/04\/webseite-henna42.jpg 819w, https:\/\/arotattoo.art\/wp-content\/uploads\/2022\/04\/webseite-henna42-300x300.jpg 300w, https:\/\/arotattoo.art\/wp-content\/uploads\/2022\/04\/webseite-henna42-150x150.jpg 150w, https:\/\/arotattoo.art\/wp-content\/uploads\/2022\/04\/webseite-henna42-768x768.jpg 768w\" sizes=\"(max-width: 819px) 100vw, 819px\" \/><\/figure>\n\n\n\n<figure class=\"wp-block-image size-full\"><img loading=\"lazy\" decoding=\"async\" width=\"819\" height=\"819\" src=\"\/wp-content\/uploads\/2022\/04\/webseite-henna9.jpg\" alt=\"\" class=\"wp-image-359\" srcset=\"https:\/\/arotattoo.art\/wp-content\/uploads\/2022\/04\/webseite-henna9.jpg 819w, https:\/\/arotattoo.art\/wp-content\/uploads\/2022\/04\/webseite-henna9-300x300.jpg 300w, https:\/\/arotattoo.art\/wp-content\/uploads\/2022\/04\/webseite-henna9-150x150.jpg 150w, https:\/\/arotattoo.art\/wp-content\/uploads\/2022\/04\/webseite-henna9-768x768.jpg 768w\" sizes=\"(max-width: 819px) 100vw, 819px\" \/><\/figure>\n<\/figure>\n<\/div>\n\n\n\n<div class=\"wp-block-column is-layout-flow wp-block-column-is-layout-flow\" style=\"flex-basis:33.33%\"><\/div>\n<\/div>\n\n\n\n<div class=\"wp-block-columns is-layout-flex wp-container-core-columns-is-layout-5 wp-block-columns-is-layout-flex\">\n<div class=\"wp-block-column is-layout-flow wp-block-column-is-layout-flow\" style=\"flex-basis:100%\">\n<div class=\"wp-block-columns is-layout-flex wp-container-core-columns-is-layout-4 wp-block-columns-is-layout-flex\">\n<div class=\"wp-block-column is-layout-flow wp-block-column-is-layout-flow\" style=\"flex-basis:100%\">\n<p class=\"has-background\" style=\"background-color:#353535;font-size:17px\" align=\"justify\"> Seit vielen Jahren besch\u00e4ftigt mich dabei auch der Aspekt der rituellen Bedeutung, die K\u00f6rperkunst in vielen Kulturen weltweit schon seit hunderten, ja tausenden von Jahren tr\u00e4gt. Ein <a style=\"color:#CFCFCF;\" href=\"\/?page_id=11\">Temptattoo<\/a> kann viel mehr sein, als nur ein Bild auf der Haut. Beim Anbringen verschmilzt das Motiv mit seinem Tr\u00e4ger, wird eins mit ihm. So gesehen kann es auch wie ein Amulett getragen werden, als eine Art Talismann oder eine Erinnerung an etwas, was dem Tr\u00e4ger viel bedeutet. Gerne biete ich bei Interesse auch <a style=\"color:#CFCFCF;font-size:17px\" href=\"\/?page_id=11\">Temptattoos<\/a> als spirituelles Event an.<\/p>\n<\/div>\n<\/div>\n<\/div>\n<\/div>\n<\/div><\/div>\n\n\n\n<div style=\"height:41px\" aria-hidden=\"true\" class=\"wp-block-spacer\"><\/div>\n\n\n\n<hr class=\"wp-block-separator has-text-color has-black-color has-css-opacity has-black-background-color has-background is-style-wide\"\/>\n\n\n\n<div style=\"height:31px\" aria-hidden=\"true\" class=\"wp-block-spacer\"><\/div>\n\n\n\n<div class=\"wp-block-cover\" style=\"min-height:918px;aspect-ratio:unset;\"><span aria-hidden=\"true\" class=\"wp-block-cover__background has-background-dim\"><\/span><img loading=\"lazy\" decoding=\"async\" width=\"1600\" height=\"400\" class=\"wp-block-cover__image-background wp-image-104\" alt=\"\" src=\"\/wp-content\/uploads\/2022\/01\/cropped-Arotattooart-5.jpg\" data-object-fit=\"cover\" srcset=\"https:\/\/arotattoo.art\/wp-content\/uploads\/2022\/01\/cropped-Arotattooart-5.jpg 1600w, https:\/\/arotattoo.art\/wp-content\/uploads\/2022\/01\/cropped-Arotattooart-5-300x75.jpg 300w, https:\/\/arotattoo.art\/wp-content\/uploads\/2022\/01\/cropped-Arotattooart-5-768x192.jpg 768w, https:\/\/arotattoo.art\/wp-content\/uploads\/2022\/01\/cropped-Arotattooart-5-1024x256.jpg 1024w, https:\/\/arotattoo.art\/wp-content\/uploads\/2022\/01\/cropped-Arotattooart-5-1x1.jpg 1w\" sizes=\"(max-width: 1600px) 100vw, 1600px\" \/><div class=\"wp-block-cover__inner-container is-layout-flow wp-block-cover-is-layout-flow\">\n<div class=\"wp-block-columns is-layout-flex wp-container-core-columns-is-layout-6 wp-block-columns-is-layout-flex\">\n<div class=\"wp-block-column is-layout-flow wp-block-column-is-layout-flow\" style=\"flex-basis:100%\"><div class=\"wp-block-image is-style-rounded\">\n<figure class=\"aligncenter size-thumbnail\" id=\"artsection\"><img loading=\"lazy\" decoding=\"async\" width=\"150\" height=\"150\" src=\"\/wp-content\/uploads\/2022\/01\/cropped-LogoAROwebseite-150x150.jpg\" alt=\"\" class=\"wp-image-54\" srcset=\"https:\/\/arotattoo.art\/wp-content\/uploads\/2022\/01\/cropped-LogoAROwebseite-150x150.jpg 150w, https:\/\/arotattoo.art\/wp-content\/uploads\/2022\/01\/cropped-LogoAROwebseite-300x300.jpg 300w, https:\/\/arotattoo.art\/wp-content\/uploads\/2022\/01\/cropped-LogoAROwebseite-270x270.jpg 270w, https:\/\/arotattoo.art\/wp-content\/uploads\/2022\/01\/cropped-LogoAROwebseite-192x192.jpg 192w, https:\/\/arotattoo.art\/wp-content\/uploads\/2022\/01\/cropped-LogoAROwebseite-180x180.jpg 180w, https:\/\/arotattoo.art\/wp-content\/uploads\/2022\/01\/cropped-LogoAROwebseite-32x32.jpg 32w, https:\/\/arotattoo.art\/wp-content\/uploads\/2022\/01\/cropped-LogoAROwebseite.jpg 512w\" sizes=\"(max-width: 150px) 100vw, 150px\" \/><\/figure><\/div><\/div>\n<\/div>\n\n\n\n<p class=\"has-background\" style=\"background-color:#353535;font-size:17px\" align=\"justify\">Malen ist f\u00fcr mich wie Reisen, Reisen in andere Welten und Sph\u00e4ren. W\u00e4hrend ich male, lebe ich so richtig in meinem Bild und lasse mich mitrei\u00dfen von dem, was nach und nach entsteht. Die Inspiration zu einem neuen Bild ist oft ein Traum, ein Gedanke oder eine pl\u00f6tzliche Eingebung. Fast immer steht das Ergebnis meiner Malerei zu Beginn nicht genau fest, vielmehr entwickelt sich das Bild St\u00fcck f\u00fcr St\u00fcck &#8211; \u00e4hnlich einer magischen Reise mit unbekanntem Ziel. Hierbei gestalte ich Ornamente und Symbole, kreiere Phantasieschriften, eingebettet in ein Spiel aus Farben und Formen. So schaffe ich eine Umgebung zwischen Traum und Wirklichkeit, losgel\u00f6st von Raum und Zeit. Bewusst verzichte ich auf lange Ausf\u00fchrungen zur Bedeutung meiner einzelnen Bilder. Jeder Betrachter soll die M\u00f6glichkeit und die Freiheit haben, auf eigene Entdeckungsreise zu gehen und das Bild ohne Beschr\u00e4nkungen auf sich wirken zu lassen. \n<br><br>\nDie Technik: \nMeine Bilder zeichne ich ganz klassisch mit einem Stift, jedoch einem digitalen Stift. Der Stift arbeitet wie ein klassischer Stift, reagiert somit auf Druck, Auflagewinkel usw.. Jeder Strich, jede Schattierung, jede Form wird von mir manuell gezeichnet &#8211; ganz wie fr\u00fcher, nur eben auf einer digitalen Leinwand. Meine Werke sind daher echte Handarbeit.\n\nZur <a style=\"color:#CFCFCF;\" href=\"\/?page_id=184\">Artwork<\/a> Gallerie.<\/p>\n\n\n\n<div class=\"wp-block-columns is-layout-flex wp-container-core-columns-is-layout-7 wp-block-columns-is-layout-flex\">\n<div class=\"wp-block-column is-layout-flow wp-block-column-is-layout-flow\" style=\"flex-basis:33.34%\"><\/div>\n\n\n\n<div class=\"wp-block-column is-vertically-aligned-center is-layout-flow wp-block-column-is-layout-flow\" style=\"flex-basis:73%\">\n<figure class=\"wp-block-gallery alignfull has-nested-images columns-default is-cropped wp-block-gallery-2 is-layout-flex wp-block-gallery-is-layout-flex\">\n<figure class=\"wp-block-image size-full\"><img loading=\"lazy\" decoding=\"async\" width=\"500\" height=\"500\" src=\"\/wp-content\/uploads\/2022\/04\/8sternWeb.jpg\" alt=\"\" class=\"wp-image-638\" srcset=\"https:\/\/arotattoo.art\/wp-content\/uploads\/2022\/04\/8sternWeb.jpg 500w, https:\/\/arotattoo.art\/wp-content\/uploads\/2022\/04\/8sternWeb-300x300.jpg 300w, https:\/\/arotattoo.art\/wp-content\/uploads\/2022\/04\/8sternWeb-150x150.jpg 150w\" sizes=\"(max-width: 500px) 100vw, 500px\" \/><\/figure>\n\n\n\n<figure class=\"wp-block-image size-full\"><img loading=\"lazy\" decoding=\"async\" width=\"500\" height=\"500\" src=\"\/wp-content\/uploads\/2022\/04\/samaWeb.jpg\" alt=\"\" class=\"wp-image-636\" srcset=\"https:\/\/arotattoo.art\/wp-content\/uploads\/2022\/04\/samaWeb.jpg 500w, https:\/\/arotattoo.art\/wp-content\/uploads\/2022\/04\/samaWeb-300x300.jpg 300w, https:\/\/arotattoo.art\/wp-content\/uploads\/2022\/04\/samaWeb-150x150.jpg 150w\" sizes=\"(max-width: 500px) 100vw, 500px\" \/><\/figure>\n\n\n\n<figure class=\"wp-block-image size-full\"><img loading=\"lazy\" decoding=\"async\" width=\"500\" height=\"500\" src=\"\/wp-content\/uploads\/2022\/04\/secretscriptWeb.jpg\" alt=\"\" class=\"wp-image-637\" srcset=\"https:\/\/arotattoo.art\/wp-content\/uploads\/2022\/04\/secretscriptWeb.jpg 500w, https:\/\/arotattoo.art\/wp-content\/uploads\/2022\/04\/secretscriptWeb-300x300.jpg 300w, https:\/\/arotattoo.art\/wp-content\/uploads\/2022\/04\/secretscriptWeb-150x150.jpg 150w\" sizes=\"(max-width: 500px) 100vw, 500px\" \/><\/figure>\n<\/figure>\n<\/div>\n\n\n\n<div class=\"wp-block-column is-layout-flow wp-block-column-is-layout-flow\" style=\"flex-basis:33.33%\"><\/div>\n<\/div>\n\n\n\n<div class=\"wp-block-columns is-layout-flex wp-container-core-columns-is-layout-9 wp-block-columns-is-layout-flex\">\n<div class=\"wp-block-column is-layout-flow wp-block-column-is-layout-flow\" style=\"flex-basis:100%\">\n<div class=\"wp-block-columns is-layout-flex wp-container-core-columns-is-layout-8 wp-block-columns-is-layout-flex\">\n<div class=\"wp-block-column is-layout-flow wp-block-column-is-layout-flow\" style=\"flex-basis:100%\"><\/div>\n<\/div>\n<\/div>\n<\/div>\n<\/div><\/div>\n<\/div><\/div>\n\n\n\n<hr class=\"wp-block-separator has-text-color has-black-color has-css-opacity has-black-background-color has-background is-style-wide\"\/>\n\n\n\n<div class=\"wp-block-columns is-layout-flex wp-container-core-columns-is-layout-10 wp-block-columns-is-layout-flex\">\n<div class=\"wp-block-column is-layout-flow wp-block-column-is-layout-flow\"><\/div>\n<\/div>\n\n\n\n<p style=\"font-size:17px\"><\/p>\n\n\n\n<p><\/p>\n","protected":false},"excerpt":{"rendered":"","protected":false},"author":1,"featured_media":0,"parent":0,"menu_order":0,"comment_status":"closed","ping_status":"closed","template":"","meta":{"footnotes":""},"yoast_head":"<!-- This site is optimized with the Yoast SEO plugin v23.0 - https:\/\/yoast.com\/wordpress\/plugins\/seo\/ -->\n<title>AROTattoo.Art<\/title>\n<meta name=\"description\" content=\"T\u00e4towierungen und TempTattoos (\u00e4hnlich Henna). TempTattoo Verzierungen f\u00fcr besondere Anl\u00e4sse wie Geburtstag, Hochzeit, Party, Urlaub oder als Geschenk. Ornamentale Kunst&amp;Design.\" \/>\n<meta name=\"robots\" content=\"index, follow, max-snippet:-1, max-image-preview:large, max-video-preview:-1\" \/>\n<link rel=\"canonical\" href=\"https:\/\/arotattoo.art\/\" \/>\n<meta property=\"og:locale\" content=\"en_US\" \/>\n<meta property=\"og:type\" content=\"article\" \/>\n<meta property=\"og:title\" content=\"AROTattoo.Art\" \/>\n<meta property=\"og:description\" content=\"T\u00e4towierungen und TempTattoos (\u00e4hnlich Henna). TempTattoo Verzierungen f\u00fcr besondere Anl\u00e4sse wie Geburtstag, Hochzeit, Party, Urlaub oder als Geschenk. Ornamentale Kunst&amp;Design.\" \/>\n<meta property=\"og:url\" content=\"https:\/\/arotattoo.art\/\" \/>\n<meta property=\"og:site_name\" content=\"AROTattoo.Art\" \/>\n<meta property=\"article:modified_time\" content=\"2024-12-07T21:29:31+00:00\" \/>\n<meta property=\"og:image\" content=\"https:\/\/arotattoo.art\/wp-content\/uploads\/2022\/04\/ginkoWeb.jpg\" \/>\n<meta name=\"twitter:card\" content=\"summary_large_image\" \/>\n<meta name=\"twitter:label1\" content=\"Est. reading time\" \/>\n\t<meta name=\"twitter:data1\" content=\"5 minutes\" \/>\n<script type=\"application\/ld+json\" class=\"yoast-schema-graph\">{\"@context\":\"https:\/\/schema.org\",\"@graph\":[{\"@type\":\"WebPage\",\"@id\":\"https:\/\/arotattoo.art\/\",\"url\":\"https:\/\/arotattoo.art\/\",\"name\":\"AROTattoo.Art\",\"isPartOf\":{\"@id\":\"https:\/\/arotattoo.art\/#website\"},\"primaryImageOfPage\":{\"@id\":\"https:\/\/arotattoo.art\/#primaryimage\"},\"image\":{\"@id\":\"https:\/\/arotattoo.art\/#primaryimage\"},\"thumbnailUrl\":\"https:\/\/arotattoo.art\/wp-content\/uploads\/2022\/04\/ginkoWeb.jpg\",\"datePublished\":\"2022-04-10T00:39:15+00:00\",\"dateModified\":\"2024-12-07T21:29:31+00:00\",\"description\":\"T\u00e4towierungen und TempTattoos (\u00e4hnlich Henna). TempTattoo Verzierungen f\u00fcr besondere Anl\u00e4sse wie Geburtstag, Hochzeit, Party, Urlaub oder als Geschenk. Ornamentale Kunst&Design.\",\"breadcrumb\":{\"@id\":\"https:\/\/arotattoo.art\/#breadcrumb\"},\"inLanguage\":\"en-US\",\"potentialAction\":[{\"@type\":\"ReadAction\",\"target\":[\"https:\/\/arotattoo.art\/\"]}]},{\"@type\":\"ImageObject\",\"inLanguage\":\"en-US\",\"@id\":\"https:\/\/arotattoo.art\/#primaryimage\",\"url\":\"https:\/\/arotattoo.art\/wp-content\/uploads\/2022\/04\/ginkoWeb.jpg\",\"contentUrl\":\"https:\/\/arotattoo.art\/wp-content\/uploads\/2022\/04\/ginkoWeb.jpg\",\"width\":500,\"height\":500},{\"@type\":\"BreadcrumbList\",\"@id\":\"https:\/\/arotattoo.art\/#breadcrumb\",\"itemListElement\":[{\"@type\":\"ListItem\",\"position\":1,\"name\":\"Home\",\"item\":\"https:\/\/arotattoo.art\/\"},{\"@type\":\"ListItem\",\"position\":2,\"name\":\"Home\"}]},{\"@type\":\"WebSite\",\"@id\":\"https:\/\/arotattoo.art\/#website\",\"url\":\"https:\/\/arotattoo.art\/\",\"name\":\"AROTattoo.Art\",\"description\":\"Exklusive Kunst - Ornamente - TempTattoos\",\"publisher\":{\"@id\":\"https:\/\/arotattoo.art\/#organization\"},\"potentialAction\":[{\"@type\":\"SearchAction\",\"target\":{\"@type\":\"EntryPoint\",\"urlTemplate\":\"https:\/\/arotattoo.art\/?s={search_term_string}\"},\"query-input\":\"required name=search_term_string\"}],\"inLanguage\":\"en-US\"},{\"@type\":\"Organization\",\"@id\":\"https:\/\/arotattoo.art\/#organization\",\"name\":\"AROTattoo.Art\",\"url\":\"https:\/\/arotattoo.art\/\",\"logo\":{\"@type\":\"ImageObject\",\"inLanguage\":\"en-US\",\"@id\":\"https:\/\/arotattoo.art\/#\/schema\/logo\/image\/\",\"url\":\"https:\/\/arotattoo.art\/wp-content\/uploads\/2022\/04\/cropped-AroTattooArtLogoWeissGross.png\",\"contentUrl\":\"https:\/\/arotattoo.art\/wp-content\/uploads\/2022\/04\/cropped-AroTattooArtLogoWeissGross.png\",\"width\":148,\"height\":88,\"caption\":\"AROTattoo.Art\"},\"image\":{\"@id\":\"https:\/\/arotattoo.art\/#\/schema\/logo\/image\/\"},\"sameAs\":[\"https:\/\/www.instagram.com\/aro_tattoo_art\/\"]}]}<\/script>\n<!-- \/ Yoast SEO plugin. -->","yoast_head_json":{"title":"AROTattoo.Art","description":"T\u00e4towierungen und TempTattoos (\u00e4hnlich Henna). TempTattoo Verzierungen f\u00fcr besondere Anl\u00e4sse wie Geburtstag, Hochzeit, Party, Urlaub oder als Geschenk. Ornamentale Kunst&Design.","robots":{"index":"index","follow":"follow","max-snippet":"max-snippet:-1","max-image-preview":"max-image-preview:large","max-video-preview":"max-video-preview:-1"},"canonical":"https:\/\/arotattoo.art\/","og_locale":"en_US","og_type":"article","og_title":"AROTattoo.Art","og_description":"T\u00e4towierungen und TempTattoos (\u00e4hnlich Henna). TempTattoo Verzierungen f\u00fcr besondere Anl\u00e4sse wie Geburtstag, Hochzeit, Party, Urlaub oder als Geschenk. Ornamentale Kunst&Design.","og_url":"https:\/\/arotattoo.art\/","og_site_name":"AROTattoo.Art","article_modified_time":"2024-12-07T21:29:31+00:00","og_image":[{"url":"https:\/\/arotattoo.art\/wp-content\/uploads\/2022\/04\/ginkoWeb.jpg"}],"twitter_card":"summary_large_image","twitter_misc":{"Est. reading time":"5 minutes"},"schema":{"@context":"https:\/\/schema.org","@graph":[{"@type":"WebPage","@id":"https:\/\/arotattoo.art\/","url":"https:\/\/arotattoo.art\/","name":"AROTattoo.Art","isPartOf":{"@id":"https:\/\/arotattoo.art\/#website"},"primaryImageOfPage":{"@id":"https:\/\/arotattoo.art\/#primaryimage"},"image":{"@id":"https:\/\/arotattoo.art\/#primaryimage"},"thumbnailUrl":"https:\/\/arotattoo.art\/wp-content\/uploads\/2022\/04\/ginkoWeb.jpg","datePublished":"2022-04-10T00:39:15+00:00","dateModified":"2024-12-07T21:29:31+00:00","description":"T\u00e4towierungen und TempTattoos (\u00e4hnlich Henna). TempTattoo Verzierungen f\u00fcr besondere Anl\u00e4sse wie Geburtstag, Hochzeit, Party, Urlaub oder als Geschenk. Ornamentale Kunst&Design.","breadcrumb":{"@id":"https:\/\/arotattoo.art\/#breadcrumb"},"inLanguage":"en-US","potentialAction":[{"@type":"ReadAction","target":["https:\/\/arotattoo.art\/"]}]},{"@type":"ImageObject","inLanguage":"en-US","@id":"https:\/\/arotattoo.art\/#primaryimage","url":"https:\/\/arotattoo.art\/wp-content\/uploads\/2022\/04\/ginkoWeb.jpg","contentUrl":"https:\/\/arotattoo.art\/wp-content\/uploads\/2022\/04\/ginkoWeb.jpg","width":500,"height":500},{"@type":"BreadcrumbList","@id":"https:\/\/arotattoo.art\/#breadcrumb","itemListElement":[{"@type":"ListItem","position":1,"name":"Home","item":"https:\/\/arotattoo.art\/"},{"@type":"ListItem","position":2,"name":"Home"}]},{"@type":"WebSite","@id":"https:\/\/arotattoo.art\/#website","url":"https:\/\/arotattoo.art\/","name":"AROTattoo.Art","description":"Exklusive Kunst - Ornamente - TempTattoos","publisher":{"@id":"https:\/\/arotattoo.art\/#organization"},"potentialAction":[{"@type":"SearchAction","target":{"@type":"EntryPoint","urlTemplate":"https:\/\/arotattoo.art\/?s={search_term_string}"},"query-input":"required name=search_term_string"}],"inLanguage":"en-US"},{"@type":"Organization","@id":"https:\/\/arotattoo.art\/#organization","name":"AROTattoo.Art","url":"https:\/\/arotattoo.art\/","logo":{"@type":"ImageObject","inLanguage":"en-US","@id":"https:\/\/arotattoo.art\/#\/schema\/logo\/image\/","url":"https:\/\/arotattoo.art\/wp-content\/uploads\/2022\/04\/cropped-AroTattooArtLogoWeissGross.png","contentUrl":"https:\/\/arotattoo.art\/wp-content\/uploads\/2022\/04\/cropped-AroTattooArtLogoWeissGross.png","width":148,"height":88,"caption":"AROTattoo.Art"},"image":{"@id":"https:\/\/arotattoo.art\/#\/schema\/logo\/image\/"},"sameAs":["https:\/\/www.instagram.com\/aro_tattoo_art\/"]}]}},"_links":{"self":[{"href":"https:\/\/arotattoo.art\/index.php?rest_route=\/wp\/v2\/pages\/479"}],"collection":[{"href":"https:\/\/arotattoo.art\/index.php?rest_route=\/wp\/v2\/pages"}],"about":[{"href":"https:\/\/arotattoo.art\/index.php?rest_route=\/wp\/v2\/types\/page"}],"author":[{"embeddable":true,"href":"https:\/\/arotattoo.art\/index.php?rest_route=\/wp\/v2\/users\/1"}],"replies":[{"embeddable":true,"href":"https:\/\/arotattoo.art\/index.php?rest_route=%2Fwp%2Fv2%2Fcomments&post=479"}],"version-history":[{"count":169,"href":"https:\/\/arotattoo.art\/index.php?rest_route=\/wp\/v2\/pages\/479\/revisions"}],"predecessor-version":[{"id":1476,"href":"https:\/\/arotattoo.art\/index.php?rest_route=\/wp\/v2\/pages\/479\/revisions\/1476"}],"wp:attachment":[{"href":"https:\/\/arotattoo.art\/index.php?rest_route=%2Fwp%2Fv2%2Fmedia&parent=479"}],"curies":[{"name":"wp","href":"https:\/\/api.w.org\/{rel}","templated":true}]}}